9?
False
Is 9 a factor of 4158?
True
Is 33 a factor of 47916?
True
Is 146810 a multiple of 5?
True
Is 53214 a multiple of 3?
True
Is 18 a factor of 2191449?
False
Is 1047617 a multiple of 86?
False
Is 37 a factor of 314315?
True
Is 833272 a multiple of 748?
True
Is 112 a factor of 193053?
False
Is 163 a factor of 320764?
False
Is 16 a factor of 3885056?
True
Is 19 a factor of 8504737?
False
Is 2703300 a multiple of 30?
True
Is 41 a factor of 114144?
True
Does 105 divide 635040?
True
Is 3351780 a multiple of 30?
True
Is 794920 a multiple of 952?
True
Does 33 divide 2405213?
False
Is 305059 a multiple of 185?
False
Is 464 a factor of 1932096?
True
Does 300 divide 165900?
True
Is 130612 a multiple of 51?
False
Is 29 a factor of 1709389?
False
Does 23 divide 167762?
True
Is 20 a factor of 200080?
True
Is 7 a factor of 51042?
False
Is 28 a factor of 1417976?
True
Is 499 a factor of 6533800?
False
Does 86 divide 307880?
True
Is 510188 a multiple of 548?
True
Does 1300 divide 6437600?
True
Does 37 divide 28623352?
False
Does 54 divide 740371?
False
Is 56 a factor of 7119938?
False
Is 420849 a multiple of 23?
False
Is 23121923 a multiple of 16?
False
Is 8065259 a multiple of 65?
False
Does 13 divide 342443?
False
Is 1674 a factor of 6141405?
False
Does 50 divide 137097?
False
Is 270 a factor of 6157080?
True
Is 906976 a multiple of 8?
True
Does 90 divide 40444?
False
Is 12 a factor of 1220304?
True
Is 10 a factor of 3560593?
False
Does 31 divide 863536?
True
Does 871 divide 5023057?
True
Does 465 divide 1398411?
False
Is 2 a factor of 1601587?
False
Is 1503 a factor of 13905756?
True
Is 153 a factor of 2253708?
False
Is 2 a factor of 211676?
True
Is 945068 a multiple of 59?
False
Does 202 divide 8951832?
True
Does 163 divide 2700258?
True
Does 285 divide 2023759?
False
Is 794 a factor of 12383224?
True
Is 10 a factor of 3191886?
False
Is 1639113 a multiple of 127?
False
Is 6116770 a multiple of 12?
False
Is 1819720 a multiple of 97?
True
Is 3 a factor of 535462?
False
Does 113 divide 1807566?
False
Is 87 a factor of 2554581?
True
Does 22 divide 498806?
True
Is 489 a factor of 41304?
False
Is 1748936 a multiple of 8?
True
Is 1270608 a multiple of 206?
True
Does 177 divide 8455644?
True
Does 434 divide 454652?
False
Is 17 a factor of 25864159?
False
Is 1108932 a multiple of 21?
False
Is 37 a factor of 4386847?
False
Is 62 a factor of 5978093?
False
Does 6 divide 549711?
False
Is 29 a factor of 1021084?
False
Does 14 divide 32746?
True
Is 38 a factor of 11406?
False
Is 7151602 a multiple of 30?
False
Is 87 a factor of 1384513?
False
Is 10 a factor of 49959?
False
Is 477121 a multiple of 31?
True
Is 3 a factor of 79860?
True
Does 45 divide 388555?
False
Is 191678 a multiple of 154?
False
Is 6 a factor of 447317?
False
Is 3232454 a multiple of 487?
False
Is 258025 a multiple of 4?
False
Does 287 divide 1836163?
False
Is 50 a factor of 38550?
True
Is 1721201 a multiple of 25?
False
Is 379052 a multiple of 386?
True
Is 3887895 a multiple of 15?
True
Is 2 a factor of 331245?
False
Is 179 a factor of 193141?
True
Is 1397 a multiple of 11?
True
Does 10 divide 94970?
True
Is 6 a factor of 6677232?
True
Is 200 a factor of 510200?
True
Does 13 divide 5450146?
True
Does 70 divide 372890?
True
Is 4511718 a multiple of 282?
True
Is 20856 a multiple of 264?
True
Is 614 a factor of 1871707?
False
Is 44326 a multiple of 37?
True
Is 48 a factor of 195520?
False
Does 127 divide 947030?
False
Is 48 a factor of 416259?
False
Is 292 a factor of 211364?
False
Is 411875 a multiple of 6?
False
Is 233527 a multiple of 9?
False
Is 73 a factor of 81060?
False
Is 558 a factor of 7993238?
False
Is 926422 a multiple of 14?
True
Is 161700 a multiple of 50?
True
Is 20479256 a multiple of 49?
True
Is 991332 a multiple of 54?
True
Does 465 divide 22342531?
False
Is 20 a factor of 507358?
False
Is 3288900 a multiple of 1140?
True
Is 92071 a multiple of 9?
False
Is 33981 a multiple of 723?
True
Is 369350 a multiple of 64?
False
Does 21 divide 33670?
False
Does 57 divide 40577?
False
Is 56080 a multiple of 10?
True
Does 191 divide 130453?
True
Does 136 divide 83319?
False
Is 90 a factor of 3177533?
False
Is 31 a factor of 71455?
True
Is 2267290 a multiple of 34?
True
Is 1471197 a multiple of 663?
True
Is 7 a factor of 361557?
True
Is 5202406 a multiple of 178?
True
Does 5 divide 830190?
True
Is 3286360 a multiple of 74?
False
Is 1236 a factor of 6322413?
False
Is 198 a factor of 128106?
True
Is 4297681 a multiple of 633?
False
Is 141745 a multiple of 625?
False
Does 2 divide 15902?
True
Is 7 a factor of 163946?
False
Is 50 a factor of 235638?
False
Is 4805 a multiple of 273?
False
Is 163520 a multiple of 40?
True
Is 295 a factor of 139535?
True
Is 198445 a multiple of 53?
False
Is 24 a factor of 715964?
False
Is 348074 a multiple of 21?
False
Is 215888 a multiple of 262?
True
Is 499764 a multiple of 12?
True
Is 72 a factor of 120816?
True
Does 49 divide 8100288?
True
Is 306 a factor of 1194012?
True
Is 11 a factor of 651230?
False
Is 40 a factor of 104760?
True
Does 29 divide 595485?
False
Is 56 a factor of 137539?
False
Is 3620991 a multiple of 1839?
True
Is 578178 a multiple of 774?
True
Is 170 a factor of 325380?
True
Does 6 divide 561420?
True
Is 8 a factor of 8759708?
False
Is 18 a factor of 59172?
False
Does 93 divide 326337?
True
Is 51 a factor of 808480?
False
Is 186887 a multiple of 37?
True
Does 11 divide 7486732?
True
Is 255 a factor of 4506299?
False
Does 68 divide 152320?
True
Does 7 divide 7076727?
True
Does 42 divide 69920?
False
Does 622 divide 576121?
False
Does 5 divide 1502705?
True
Does 9 divide 282546?
True
Does 33 divide 333277?
False
Is 46 a factor of 88833?
False
Is 69 a factor of 1782737?
False
Is 87 a factor of 78401?
False
Does 1085 divide 7182775?
False
Does 194 divide 48221?
False
Is 125 a factor of 11411875?
True
Does 30 divide 167732?
False
Is 13150 a multiple of 3?
False
Does 155 divide 36115?
True
Is 41 a factor of 161786?
True
Does 41 divide 106518?
True
Does 31 divide 146413?
True
Does 154 divide 175714?
True
Is 251836 a multiple of 9?
False
Is 842996 a multiple of 98?
True
Does 114 divide 38874?
True
Is 935 a factor of 383834?
False
Is 966914 a multiple of 121?
False
Is 84707 a multiple of 144?
False
Is 203 a factor of 788452?
True
Does 82 divide 21752?
False
Does 47 divide 151619?
False
Is 28026 a multiple of 6?
True
Does 129 divide 2007756?
True
Is 545 a factor of 1831254?
False
Does 37 divide 99863?
True
Is 5 a factor of 505260?
True
Is 2510711 a multiple of 56?
False
Is 22180 even?
True
Is 28 a factor of 348515?
False
Is 179 a factor of 182942?
False
Is 983875 a multiple of 425?
True
Does 42 divide 2170938?
True
Is 46 a factor of 1032746?
True
Is 284 a factor of 27832?
True
Is 2858856 a multiple of 13?
True
Is 80 a factor of 656310?
False
Is 940 even?
True
Is 288820 a multiple of 167?
False
Is 17 a factor of 1113113?
False
Does 156 divide 1523808?
True
Does 17 divide 711886?
False
Is 7 a factor of 2022803?
False
Does 145 divide 1575113?
False
Does 27 divide 3086633?
False
Is 20 a factor of 3347240?
True
Is 45 a factor of 1984275?
True
Does 2 divide 62239?
False
Is 47 a factor of 577976?
False
Is 204 a factor of 78336?
True
Is 11275680 a multiple of 507?
True
Does 5 divide 6910335?
True
Is 1365249 a multiple of 6?
False
Is 452 a factor of 473244?
True
Is 44880 a multiple of 40?
True
Is 151584 a multiple of 48?
True
Is 230 a factor of 881188?
False
Is 21 a factor of 140384?
False
Is 19 a factor of 392825?
True
Is 260736 a multiple of 6?
True
Is 39728 a multiple of 16?
True
Does 22 divide 1813267?
False
Is 402 a factor of 1149052?
False
Does 25 divide 29225?
True
Does 2 divide 45341?
False
Is 59434 a multiple of 31?
False
Does 84 divide 168336?
True
Does 257 divide 321529?
False
Is 1198430 a multiple of 79?
True
Is 7961587 a multiple of 52?
False
Is 43488 a multiple of 12?
True
Is 33736 a multiple of 8?
True
Does 318 divide 11174520?
True
Is 646912 a multiple of 38?
True
Is 15405 a multiple of 13?
True
Does 43 divide 123821?
False
Is 686331 a multiple of 42?
False
Does 497 divide 25411775?
False
Does 61 divide 417179?
True
Is 140532 a multiple of 1167?
False
Does 196 divide 2983904?
True
Is 1108131 a multiple of 278?
False
Does 10 divide 169583?
Fal